Give n(o).
-2
Let k be ((-12)/10)/((-4)/(-40)*3). Let f(q) = -2*q**3 + 24*q**2 + 5*q + 15. Let c(i) = i**3 - 12*i**2 - 3*i - 7. Let g(t) = k*f(t) - 7*c(t). Determine g(12).
1
Let p(i) be the first derivative of i**5/60 + 3*i**4/4 + 19*i**3/3 + 3*i**2/2 + 95. Let h(l) be the third derivative of p(l). Determine h(-12).
-6
Suppose -33*l = 461 - 32. Let w(h) = 8*h + 103. Calculate w(l).
-1
Suppose -28*k = -5*k - 23. Let v(h) = -h**2 + 2*h - 3. Determine v(k).
-2
Let j(y) = -y**3 + 3*y**2 - y - 1. Let o(c) = 2*c**3 + 10*c**2 - 13*c - 84. Let i be o(-4). What is j(i)?
-1
Let z(b) = 4*b + 6. Suppose 0 = -5*x + 68 + 502. Let n = x - 118. Calculate z(n).
-10
Let f(a) = -a**3 + 7*a**2 + 10*a + 8. Let s be f(8). Let h = -28 + s. Let g be (68/85)/(h/10). Let d(j) = -3*j**2 + 2*j - 1. What is d(g)?
-17
Let h(w) = -3 + 3613534*w + 0*w**2 - 3613566*w - 2*w**2. Calculate h(-16).
-3
Let i be (-1)/3 + (-2296)/24. Let k = -94 - i. Let l(f) = 2 + 17*f + 4 - 6*f**k - 20*f + f**3. Give l(6).
-12
Let v(m) be the third derivative of -1/12*m**4 - 183*m**2 - 1/6*m**3 + 0 + 0*m. Determine v(7).
-15
Let g(h) = -h**3 - 4*h**2 + 5*h + 3. Suppose -z - 5 = 3*k + 4*z, -4*k + 4*z + 36 = 0. Suppose -k*w + 8 = 23. Give g(w).
-21
Let d(y) = -10*y - 4. Suppose -5*v = l + 66, -5*v - 84 - 6 = -5*l. Let h be (12/v)/((-176)/28 - -6). Determine d(h).
-34
Let u be -1*(4 + -4)/3. Suppose u = r + t - 9, -4*r - 3 + 24 = t. Suppose -2*p = m - r*m, 3*p - 5 = 2*m. Let y(l) = -3*l**2 - 3*l + 2. Give y(m).
-16
Let w = 20 + -20. Let x(o) = 3*o - 2*o - 6 + w - 2*o. Let m = 76 - 79. Determine x(m).
-3
Suppose 2*n - 62 = 40. Suppose -4*d = -7 + n. Let a be 3/(-2)*8 - (-12 - d). Let q(s) = -s**2 - 10*s + 13. Determine q(a).
2
Let d = -16 + 18. Suppose 5*b - 3 - d = 0. Let s(r) be the first derivative of 3*r**2 - 181. What is s(b)?
6
Let s(n) be the third derivative of -n**6/120 - n**5/10 + n**4/12 - 2*n**2 + 10*n. Suppose 4*r + 21 - 5 = 0, 2*r = -4*l - 32. Calculate s(l).
-12
Let m(o) = o**2 + 16*o + 10. Suppose -68 = 5*z - 3*k, 3*k = -2*z + 5*k - 28. Determine m(z).
-29
Let o = -1 + -1. Let q be 12/((4/o - -3)*2). Let j(w) = -w**3 + 6*w**2 - 8. Let a be j(q). Let s(i) = -i - 7. Determine s(a).
1
Let d(m) = -3*m + 17. Suppose -110*i = 5*u - 111*i, 0 = 2*u + 5*i. Give d(u).
17
Let y be 40/(-6)*(-6)/8. Suppose 4*b = s - 23, 5*s - y*b - 54 = -14. Let x(g) = 5*g + 2. Let r(o) = 2*o + 1. Let f(t) = -2*r(t) + x(t). What is f(s)?
3
Let l(t) = -3*t + 4*t - 3*t - 7. Let h = -67 - -72. Suppose 10*o = 11*o + h. What is l(o)?
3
Let n(u) be the second derivative of -u**6/120 - u**5/60 + 9*u**4/4 + 5*u**3/6 - 261*u. Let j(k) be the third derivative of n(k). Determine j(-6).
34
Let o(w) = w**2 + 20*w + 15. Let z be o(-19). Let h(g) be the third derivative of g**4/6 + g**3/6 + g**2 - 995. Calculate h(z).
-15
Let t(o) be the second derivative of 5*o**3/6 - 18*o**2 + 955*o - 6. Determine t(-4).
-56
Suppose -31*c + 127 = -28. Let v(w) = -2*w**3 + 6*w**2 + 20*w - 4. Let y be v(c). Let m(t) = -t**3 - 6*t**2 - 8*t - 1. Give m(y).
-1
Let s = 20 + -23. Let j be 4*10/8 + (s - 0). Suppose 0 = 3*y + v - 3*v - 22, j*y - 5*v - 22 = 0. Let p(t) = t**3 - 7*t**2 + 7*t - 5. Calculate p(y).
1
Suppose 0 = 4*q - 3*z - 68, 4*z - 3 = 3*q - 54. Let u = 14 - q. Let b(y) = -2 - 5 - 2*y + 3. Give b(u).
2
Let o(m) = m**3 + 3*m**2 - m - 2. Let a be (6/(-4))/(6/(-272)). Suppose q + 2046 = -q + 33*q. Let z = q - a. Determine o(z).
4
Let d(h) = 7*h**3 + 12*h**2 - 6*h + 54. Let k(n) = -3*n**3 - 6*n**2 + 3*n - 27. Let t(o) = -2*d(o) - 5*k(o). Let w be (7/4)/(-4*(-8)/(-128)). Determine t(w).
-1
Let c(p) = -p**3 - 3*p**2 + p + 1. Let s(q) = -8*q**2 + 9*q**2 + 166*q**3 - 167*q**3 - q. Let l(f) = -c(f) - s(f). Calculate l(-2).
-9
Let f(p) be the first derivative of -5/6*p**3 - 1/12*p**4 - 49*p - 4*p**2 + 46. Let o(u) be the first derivative of f(u). What is o(-7)?
-22
Let l = 464 - 466. Let g(v) = -11*v - 19. Calculate g(l).
3
Let p(y) be the first derivative of -4*y**2 + 7*y + 1354. Give p(4).
-25
Let h(f) = 8*f**2 - 1147*f - 1149. Let m be h(-1). Let d(p) = 7*p**2 - 8*p - 10. Let t(b) = 15*b**2 - 16*b - 21. Let w(c) = 13*d(c) - 6*t(c). What is w(m)?
-16
Let w(u) = u. Let q(p) = p**2 - 29*p + 85. Let l be q(28). Suppose -63 = -12*a + l. Calculate w(a).
10
Let o(p) = -18*p**3 + 7*p + 4. Let k be o(-2). Suppose -k*x + 135*x + 2 = 0. Let b(a) = a**3 + 2*a**2 + 2*a. Determine b(x).
-4
Let u(a) = -a**3 - 6*a**2 + 12*a + 5. Let o = -3653 + 3645. What is u(o)?
37
Let v(s) = -3*s**2 - 9*s + 1. Let i(u) = 6 - 6 - 19*u - 7*u**2 - 1 + 2. Let z(n) = -4*i(n) + 9*v(n). Let k = 157 - 153. Give z(k).
1
Let k = 24 - 41. Let t = k + 20. Suppose 6*b + 21 = -t. Let f(r) = r**2 + 3*r - 1. What is f(b)?
3
Let j(l) = -l**3 - 14*l**2 - 31*l + 33. Let a be ((-3)/9 + 0)/(4/132). Calculate j(a).
11
Let f(a) = -47*a**2 - 9*a + 7 + 24*a**2 + 25*a**2. Let x be f(5). Suppose s = -3*s + 16, -4*k = s + x. Let n(m) = -2*m - 4. Calculate n(k).
4
Let x(r) = r**3 + 3*r**2 - 6*r - 5. Let j = 111 + -127. Let i be j/3 - (-68)/51. Give x(i).
3
Suppose -69 = -x - 5*q - 55, -4*x + 8 = -4*q. Let w(p) = -p**3 + 2*p**2 + 10*p - 5. Give w(x).
3
Let j(l) = -l**3 + 45*l**2 + 99*l - 2433. Let z be j(46). Let o(t) = -19*t - 18. Calculate o(z).
-113
Suppose -6 = b + 4*s, s = 9*b - 4*b - 12. Let p(i) = -18*i**b + 0*i**3 + 5 + 2*i - 7 + i**3 + 15*i**2. Give p(3).
4
Let u(v) be the third derivative of -5*v**4/12 - 43*v**3/6 + 1024*v**2. What is u(-4)?
-3
Let t(p) = p**3 + 5*p**2 - 9*p + 33. Let s be t(-7). Let n(m) = -14*m - 3 + 3. Give n(s).
28
Suppose 5*b = 23*w - 29*w + 3, -w = -2*b + 8. Let f(n) = -n**2 - n + 1. Let q(r) = -5*r**2 - 6*r + 7. Let t(u) = -6*f(u) + q(u). What is t(w)?
5
Let u be 11*(0 - 70/(-77)). Let z(o) = -4*o + 5*o**3 + 3*o**3 - 22*o**3 + u*o**3 - 5 + 5*o**3 - 5*o**2. Suppose -24 = 2*l - 6*l. Give z(l).
7
Let n(k) = -k - 17. Let v(y) = -y**3 - 3 + 68*y**2 - 3*y - 53*y**2 - 34*y. Let r be v(12). Calculate n(r).
-2
Let t(x) = -2*x**2 - 6*x + 4. Suppose 3*z = -20*q + 16*q - 24, 0 = -2*z + 5*q + 7. Give t(z).
-4
Suppose -y - 5 = -3*p - 29, -5*y + p = -50. Let q(b) = 10*b - 58. Calculate q(y).
32
Let r = 51 - 50. Let d(k) = -7*k + 3*k - r + 3*k**2 - k**3 + 4*k + 4*k. Let f(x) = x - 1. Let w be f(5). Give d(w).
-1
Let t(y) = 9608 + 46*y - 101*y + 53*y - 9595. Determine t(8).
-3
Let s(l) = l**3 + 21*l**2 - 11. Let u = 3033 - 3054. Calculate s(u).
-11
Let y(u) = u - u**3 + 29008*u**2 - 29016*u**2 + 20 - 20. Let p be -1 - (5 - -1) - 1. Calculate y(p).
-8
Let q(h) = 2*h**2 + h. Suppose 2*v = -v + 21. Suppose -36*d = -52*d - 144. Let z = d + v. Calculate q(z).
6
Let f(m) = m**2 + 41*m - 501. Let d be f(-51). Let a(p) = p**3 - 11*p**2 + 21*p - 13. Calculate a(d).
14
Suppose 4*i + 7*d = 2*d - 1, 2*d = -4*i + 14. Let p(z) = 0*z - 3*z - i - 2*z**2 - 2*z + 3*z**2. Calculate p(5).
-6
Let z be -3 - 14*-1*4/8*1. Let o(x) = 12*x - 31. Calculate o(z).
17
Let m(g) = -8*g**2 + 52*g - 12. Let i be m(5). Let v(k) = -i*k - 24 + 131*k - 44*k - 53*k - k**2. Calculate v(-12).
0
Let n(h) = -h**3 - 5*h**2 - 1 - h - 2*h + 5. Let a = -242 + 394. Let y = 149 - a. Give n(y).
-5
Let z(u) = 14*u + 7399 - u**2 - 14838 + 7408. Calculate z(12).
-7
Let i(n) = n**2 + 2*n - 96. Let r be i(9). Let x(u) be the third derivative of 0 - 1/6*u**r + 0*u - 13*u**2 + 5/8*u**4. What is x(1)?
14
Let o be 2/4*-2*0. Let n = -503 + 505. Let r be (n + o)/1*4. Let t(j) = j**3 - 9*j**2 + 6*j + 8. What is t(r)?
-8
Let x(j) = j**3 + 3*j**2 + 2*j - 1. Let k(v) = 3*v**3 + 7*v**2 + 4*v + 1. Let w(q) = k(q) - 4*x(q). What is w(-4)?
5
Let o(p) = 3*p**3 - 8*p**2 - 13*p - 8. Let a(m) = -10*m**3 + 24*m**2 + 40*m + 23. Suppose 12 = 2*c - 8*c. Let r(z) = c*a(z) - 7*o(z). Determine r(9).
28
Suppose -502*b + 27 = -505*b. Let k(d) be the second derivative of -d**5/20 - 2*d**4/3 + 4*d**3/3 - 7*d**2/2 + 3*d + 3. Determine k(b).
2
Let g(h) = h**2 + 4. Let y = -426 - -429. Suppose -5*x + 4*m = 23 + 17, y*m - 35 = 5*x. Determine g(x).
20
Let w(t) = 4*t**3 + 27*t**2 - 7*t - 13. Let a be w(-7). Let z(v) = v**3 + 11*v**2 - 31*v - 38. Give z(a).
27
Let d(h) = -h + 9. Let j(l) be the second derivative of 14*l**2 + 5/3*l**4 - 1/20*l**5 + 0 - 1/6*l**3 + 23*l. Let q be j(20). Calculate d(q).
1
Let a(p) = -24 - 6 + 3*p - 2 - 31 + 25. Give a(11).
-5
Suppose 0 = 3*t 